3 = x - 9. Determine k(x).
15
Let v(n) be the third derivative of -n**4/24 - 4*n**2. Let y(s) = -s**3 - 8*s**2 - 7*s - 3. Let c be y(-7). Give v(c).
3
Let t(q) = -q**3 + q**2 + 3*q - 2. Let y(s) = -s**2 - 8*s - 6. Let k be y(-7). Suppose 3*r = -k + 7. Let w be t(r). Let a(o) = o**2 - o - 8. Calculate a(w).
-8
Let m(r) = 0*r**3 - 4*r**3 - 4 + 3*r**3 + r. Let g(d) = -d - 4. Let h be g(-6). Suppose -5*l - 5*i + 3 = 8, 3*l - 2*i = h. Give m(l).
-4
Let z(x) = x**2 + 6*x - 4. Let m(a) = -5*a - 2. Let o be m(1). Determine z(o).
3
Let k be (4 + -8 - -2)*-2. Let t(i) = 7*i**2 + k*i + 1 - 7*i**2 - i**2. Give t(2).
5
Let d(j) = 2*j - 2. Let r = -21 - -17. Calculate d(r).
-10
Let x(p) be the first derivative of p**4/4 + 5*p**3/3 + 5*p**2/2 + 4*p + 17. Determine x(-4).
0
Let u(l) = l**2 - 6*l - 1. Let t be u(5). Let c be (t/4 + 2)*10. Let j(w) = 3*w - 7. Calculate j(c).
8
Let j(r) = -4*r**3 - 3*r**2 + 2*r + 5. Let b(v) = v**3 + v**2 - v - 1. Let x(l) = 3*b(l) + j(l). Calculate x(2).
-8
Let z(w) = w**2 - 3*w. Suppose 19 = s + 3*p, 2*s - 3*p = -2*s + 1. Determine z(s).
4
Let i(b) = -b**3 - 6*b**2 - 5*b - 2. Let u be 3/24 - 41/8. Give i(u).
-2
Let m(r) be the first derivative of 3*r + 2/3*r**3 - 5 + 3/2*r**2. Determine m(-2).
5
Let b(y) = -3*y + 1. Suppose 9*s + 9 = 36. Give b(s).
-8
Let m be 2/4*0/4. Suppose m = -2*j - 3 + 9, 0 = h - j + 1. Let c(y) = -y**2 + h*y**2 + y**2. Give c(1).
2
Let z = 10 + -4. Let p(m) be the second derivative of m**4/12 - 5*m**3/6 + 3*m**2/2 - 2*m. Give p(z).
9
Let u(o) = -66 - 4*o**2 + 68 + 3*o**3 - 2*o + 4*o. What is u(2)?
14
Let h(g) = g**3 - g + 9. Let p = -5 + 3. Let a = 10 - 12. Let o = a - p. Determine h(o).
9
Let b(m) = 3*m**2 - 3 + 3*m**2 - m**3 - 4*m**2 - 6*m - 7*m**2. Let o be b(-4). Let s(z) = -2*z - 6. Let v(f) = -f - 6. Let a(l) = -2*s(l) + 3*v(l). Give a(o).
-1
Let c(z) = -2*z + z + 1 + 7 - 4. Give c(-8).
12
Let w(x) = x**2. Let j(h) = 1. Let o(q) = -2*q + 1. Let p(s) = -4*j(s) - o(s). Let u be p(4). Let d = 4 - u. What is w(d)?
1
Let l = 5 + -5. Let n(f) = -15*f**2 + 0 - 3*f**3 + 17*f**2 + l + f. Give n(-1).
4
Let j(t) = t**3 + 2*t**2 - 2*t - 3. Let m(w) = -w. Let q be m(-5). Let s(n) = n - 5. Let d be s(q). Suppose -2*x - 4 = -d. Calculate j(x).
1
Suppose -x = -3*a + 15, -4*a - 12 + 43 = -5*x. Let v(u) = 5*u + 4. Determine v(x).
-11
Let x(o) be the third derivative of 2*o**2 + 0*o + 1/6*o**4 + 0*o**3 - 1/20*o**5 + 1/360*o**6 + 0. Let a(c) be the second derivative of x(c). Determine a(5).
4
Let b(u) be the first derivative of -4 + u + 1/2*u**2. Determine b(1).
2
Let c(y) be the third derivative of -y**4/12 + y**3 + 10*y**2. Determine c(4).
-2
Let h(z) be the second derivative of 3*z**4/2 + z**3/3 + z**2/2 + 7*z - 1. Give h(-1).
17
Let y(p) be the first derivative of -5*p**4/4 - p**2 + p - 25. Give y(1).
-6
Let z(u) be the first derivative of -u**3/6 + 2*u**2 - u + 3. Let j(n) be the first derivative of z(n). Suppose l = 2*l. What is j(l)?
4
Let g(j) be the first derivative of j**4/4 - j**2/2 + j + 4. Give g(2).
7
Let n(j) = j**2 + j - 7. Let p(u) = -u**3 - 14*u**2 - 13*u. Let k be p(-13). Let l be k*(-1)/(-2)*1. Give n(l).
-7
Let d(a) = -4 + 0 + 7*a + 11*a - 15*a. Give d(6).
14
Let t(w) be the second derivative of 0 - 6*w + 1/12*w**4 - w**2 + 1/2*w**3. What is t(-4)?
2
Let d(c) be the third derivative of -c**6/120 + c**5/20 + c**4/24 - c**3/2 - 28*c**2. Calculate d(3).
0
Suppose -x + 2*y - 13 = 0, -x - 4 = -y + 4. Let l(n) be the third derivative of -n**4/24 + 29*n**2. Calculate l(x).
3
Suppose -4*r - 4 = 4*b, 0 = -r + 2 + 1. Let s(g) = -1. Let w(q) = -2*q - 8. Let l(u) = 3*s(u) - w(u). What is l(b)?
-3
Let l(x) = -3 - 1 - x**2 + 0*x + x**3 + x. Let z(n) = n - 2. Let w be z(2). Determine l(w).
-4
Let t = 7 + -2. Suppose -2*v - v + 30 = 0. Let j be v/t - (0 - 0). Let s(r) = r - 2. What is s(j)?
0
Let a(r) = -r**2 - 7*r - 5. Suppose -2*z - 6 = -3*s, 2*s + 6 = 5*z - 1. Suppose z*i = -2*p + 40, 3*p + 0*p - 60 = 3*i. Suppose p = 3*w - 8*w. Calculate a(w).
7
Suppose 4*z + z = 0. Let c(v) = -v**3 - 6*v**2 + 6*v - 5. Let o be c(-7). Let r(b) = 0*b - 4 + b + 6 - o*b. Calculate r(z).
2
Let o(n) = n**3 - n**2 - 5*n + 3. Let z be o(3). Let r be (-2 - 1) + z - 0. Let v(m) = 0 - 2*m - 3 - r. Determine v(-5).
4
Let q(l) = -l - 6. Let w be q(-2). Let z(v) = -3*v - 10. Let f(y) = -4*y - 11. Let c(b) = 2*f(b) - 3*z(b). Calculate c(w).
4
Let t(n) = n**2 - n + 1. Let f(b) = 3*b**2 - 8*b + 4. Let z(a) = -f(a) + 4*t(a). What is z(-5)?
5
Suppose y + 2*a - 4 = 0, -2*y - 5*a - 3 = -6*y. Let o(i) = i**2 + i - 2. Give o(y).
4
Let x(f) be the first derivative of -f**4/4 - 7*f**3/3 - 2*f**2 + 5*f - 4. Determine x(-6).
-7
Let s = -16 + 21. Let i(k) = -7*k**2 - 3 - 4*k + 8*k**2 + 3*k**2 - 3*k**2. Calculate i(s).
2
Let f be 51*((-3)/(-9) + 0). Let h = f + -12. Let x(k) = k**2 - 5*k + 6. Calculate x(h).
6
Let g be ((0 - 0) + 1)*-1. Let b(f) be the second derivative of f**4/3 + 15*f. Give b(g).
4
Let f(v) = 1 - 11*v**2 + 6*v**2 + 4*v + 4*v**2. Give f(6).
-11
Let h(y) = y**3 - 4*y**2 + 2*y + 4. Let w be h(3). Let n(m) = -29*m - 1. Let c(r) = 53*r + 2. Let x(a) = -6*c(a) - 11*n(a). Determine x(w).
0
Let y(x) = -x**3 - x**2 - 15. Let d = 14 - 14. Calculate y(d).
-15
Let l(v) = -2*v. Suppose -2*p - 10 = -12. Determine l(p).
-2
Let l(w) = w + 5. Suppose -4 = 13*b + 61. Calculate l(b).
0
Let c = 1 - 5. Suppose -4*d - w = -8, -3*d + 3*w = -7*d. Let o(m) = -3 - d*m + 0*m**2 - 5*m**2 - m**3 + 1. Give o(c).
-6
Let i(b) be the first derivative of -b**3/3 - 2*b**2 + 7*b - 41. What is i(-6)?
-5
Let d(j) = j**3 - 6*j**2 - 9*j + 7. Let t be d(7). Let x = 2 + t. Let i(w) = -w**2 - 2*w + 5. Determine i(x).
-10
Let c = 1 - -6. Let q(w) be the second derivative of -w**4/12 + w**3 + 3*w**2/2 - 17*w. Calculate q(c).
-4
Let m(a) = -4*a**2 - 8*a - 19. Suppose 7*o - 3*o + 28 = 0. Let i(n) = -n**2 - 3*n - 6. Let p(c) = o*i(c) + 2*m(c). What is p(5)?
4
Let l(c) = c**3 + 2*c**2 - 5*c + 1. Let n be 0 - (-4 + 8)*1. Calculate l(n).
-11
Let c = 164 + -166. Let x(k) = 2*k**3 - 2*k - 2. Give x(c).
-14
Let w(l) = 5*l**2 + l. Suppose 3*y = y. Suppose 5*k = 5*u - 20, y*u = 3*u + 5*k + 12. Give w(u).
6
Let z(m) = -15*m + 21. Let n(o) = -1 - 5*o + 0*o - 2*o + 11. Let b(p) = 13*n(p) - 6*z(p). Give b(-5).
9
Let v(w) = -15*w - 9. Let i(g) = -8*g - 5. Let d(s) = 11*i(s) - 6*v(s). Suppose r + y = -1, 5*r + 5*y + 8 = r. Determine d(r).
5
Let w(j) = 5*j**3 + 22*j**2 - 5*j + 70. Let c(b) = -b**3 - 4*b**2 + b - 14. Let s(z) = 11*c(z) + 2*w(z). Suppose 0 = -2*i - 2*i. What is s(i)?
-14
Suppose 0 = -3*j - m, -6 = -m - m. Let l(h) = -3*h. Let k be l(j). Let x(v) be the third derivative of -v**5/60 + v**4/8 - v**3/2 + 2*v**2. What is x(k)?
-3
Let u(l) = 7*l**3 - 12*l**2 + 10*l - 3. Let y(b) = -8*b**3 + 13*b**2 - 11*b + 3. Let t(q) = 7*u(q) + 6*y(q). What is t(6)?
21
Let i be (-24)/(-14) - 4/(-14). Let u = i + -5. Let z(q) = 4 + 5*q**3 + 3*q**2 - 3*q**3 + 4*q - q**3. Calculate z(u).
-8
Let i be -1*0/(6/2). Let h(j) = -3*j + 55 - 49 + i*j. Let u(g) = 3*g**2 - g. Let x be u(-1). Calculate h(x).
-6
Let f(x) = -x**2 - 5*x + 7. Suppose -w + 4*d = -6*w - 41, 0 = 5*w - 4*d + 9. Determine f(w).
7
Let j = 2 + 4. Let t(f) = f**3 - 7*f**2 + 7*f + 1. Calculate t(j).
7
Let r(m) = -131*m**2 - 7*m + 6 + 130*m**2 - 1. Give r(-6).
11
Let q(y) = 9*y**3 + y**2. Let u be q(1). Let k be (-2)/u - 518/35. Let d be ((-12)/k)/((-2)/(-5)). Let b(t) = 2*t**2. What is b(d)?
8
Let j(h) = h - 4. Let r be j(4). Let o(d) = -d**2 + 8*d - 3 - d + r. Calculate o(5).
7
Let s(v) = -v**2 - v - 5. Suppose -3*w - 4*q = 8, -4*w + 6 = -3*q - 0. Determine s(w).
-5
Suppose 3*g = -g + 168. Let d be 23/7 + (-12)/g. Let l(a) = -a - 3. What is l(d)?
-6
Suppose -5*c = -6*c + 3*h + 8, 8 = 5*c + h. Let o(i) = 3*i - 2. Give o(c).
4
Let u = -8 - -13. Let w(j) = -12 + 2*j + 2 - j. What is w(u)?
-5
Let b(g) = g + 7. Let c = 141 - 152. Determine b(c).
-4
Let z(c) = 15*c**2 - 4*c + 11. Let a(o) = -7*o**2 + 2*o - 5. Let y(x) = -13*a(x) - 6*z(x). Let r(s) = -3*s - 3. Let h be r(-4). Let v = -6 + h. Give y(v).
2
Let o = 4 + -2. Let y(m) = -5 + 0*m + 7 - m + o. Give y(3).
1
Let m(j) = -1. Let v(h) = -h**2 - 4*h - 5. Let a(k) = 3*m(k) - v(k). Give a(-6).
14
Let t(n) = -n**3 - 6*n**2 + 7*n + 4. Let z be -22*(-3)/(-6) + 4. Calculate t(z).
4
Suppose x + 14 =